{"id":1343,"date":"2010-09-11T16:19:29","date_gmt":"2010-09-11T18:19:29","guid":{"rendered":"http:\/\/levezadoser.blog.br\/"},"modified":"2010-09-11T16:19:29","modified_gmt":"2010-09-11T18:19:29","slug":"disciplina","status":"publish","type":"page","link":"https:\/\/nalua.in\/blog\/disciplina\/","title":{"rendered":"Disciplina"},"content":{"rendered":"<h2 style=\"text-align:center;\"><em>Disciplina e educa\u00e7\u00e3o<\/em><\/h2>\n<p><em><br \/>\n<\/em><br \/>\n<a href=\"http:\/\/nalu.files.wordpress.com\/2010\/09\/osameru.jpg\"><img loading=\"lazy\" decoding=\"async\" class=\"alignleft size-full wp-image-665\" title=\"osameru\" src=\"http:\/\/nalu.files.wordpress.com\/2010\/09\/osameru.jpg\" alt=\"\" width=\"298\" height=\"278\" \/><\/a><br \/>\n<em>Fl\u00e1vio Gikovate<\/em><br \/>\n<em><br \/>\n<\/em><\/p>\n<p style=\"text-align:justify;\">De repente, no melhor do sono, toca o despertador. \u00c9 hora de levantar para ir \u00ed\u00a0 escola ou ao trabalho. N\u00e3o \u00e9 raro que, exatamente neste instante, se trave uma batalha important\u00ed\u00adssima. De um lado, o sono, a pregui\u00e7a, o desejo de continuar deitado sonhando com todo tipo de situa\u00e7\u00f5es gostosas. De outro, a no\u00e7\u00e3o do dever, da obriga\u00e7\u00e3o, do compromisso assumido. A vontade mostra uma dire\u00e7\u00e3o; a raz\u00e3o aponta o oposto.<\/p>\n<p style=\"text-align:justify;\">Disciplina, na minha opini\u00e3o, \u00e9 a capacidade que permite \u00ed\u00a0 raz\u00e3o ser mais forte e vencer nossas vontades e nossa pregui\u00e7a. \u00c9 porque desenvolvemos essa qualidade que conseguimos fazer exerc\u00ed\u00adcios ma\u00e7antes todos os dias na mesma hora; que evitamos comidas com muitas calorias ou prejudiciais \u00ed\u00a0 sa\u00fade; que nos faz abrir m\u00e3o de coisas materiais para poupar e atingir um objetivo maior. Pessoas disciplinadas conseguem estudar quando, na verdade, estavam com vontade de assistir \u00ed\u00a0 televis\u00e3o ou bater papo com os amigos.<\/p>\n<p style=\"text-align:justify;\">N\u00e3o resta a menor d\u00favida: os disciplinados ter\u00e3o maiores chances de sucesso nas atividades \u00ed\u00a0s quais se dedicarem. Entre talento e disciplina, \u00e9 melhor ter os dois. Por\u00e9m, a longo prazo, esta \u00faltima \u00e9 mais importante. Mas precisa ser conquistada. \u00c9 verdade que h\u00e1 pessoas que aceitam melhor as contrariedades. Essa capacidade de aceita\u00e7\u00e3o aumenta \u00ed\u00a0 medida que se desenvolvem a linguagem e o racioc\u00ed\u00adnio l\u00f3gico. Ambos nos ajudam a compreender por que nossas vontades nem sempre podem ser satisfeitas. Aprendemos a suportar melhor a dor. A principal tarefa da educa\u00e7\u00e3o, especialmente durante os primeiros anos de vida, seja desenvolver a raz\u00e3o e suas for\u00e7as com o intuito de sermos capazes de &#8220;domesticar&#8221; nossas vontades.<\/p>\n<p style=\"text-align:justify;\">Uma vis\u00e3o equivocada da psicologia nos levou, nas \u00faltimas d\u00e9cadas, a privilegiar o livre exerc\u00ed\u00adcio do desejo. O papel da raz\u00e3o &#8211; freio limitador dos impulsos &#8211; foi encarado como algo repressivo e negativo. Al\u00e9m disso, os pais, com medo de traumatizar os filhos e de perder o amor deles, t\u00eam fugido da tarefa, \u00ed\u00a0s vezes desagrad\u00e1vel, de estabelecer limites e estimular as crian\u00e7as a usar com efici\u00eancia a raz\u00e3o para dirigir suas vidas. Na educa\u00e7\u00e3o infantil, essa \u00e9 a tarefa n\u00famero um dos pais. Ao aprender a utilizar a raz\u00e3o em benef\u00ed\u00adcio pr\u00f3prio, a crian\u00e7a e depois o adulto experimentam enorme satisfa\u00e7\u00e3o quando se sentem disciplinados. Sim, porque \u00e9 nestes momentos que nos consideramos animais mais sofisticados, que definimos com propriedade de racionais.<\/p>\n<p style=\"text-align:justify;\">A alegria \u00ed\u00adntima de quem se levanta cedo, faz exerc\u00ed\u00adcios e chega na hora certa aos compromissos assumidos \u00e9 algo que n\u00e3o pode ser subestimado. Sentimo-nos fortes quando conseguimos nos controlar &#8211; coisa muito dif\u00ed\u00adcil. Sentimos que vencemos a batalha mais \u00e1rdua: a interior. A auto-estima cresce. E para que nossos filhos experimentem todas essas sensa\u00e7\u00f5es t\u00e3o boas, devemos lhes ensinar, desde cedo, a abrir m\u00e3o de suas vontades, sempre que a raz\u00e3o assim achar conveniente e \u00fatil.<\/p>\n<p>=====<br \/>\nFl\u00e1vio Gikovate \u00e9 m\u00e9dico psiquiatra, psicoterapeuta e escritor.<\/p>\n","protected":false},"excerpt":{"rendered":"<p>Disciplina e educa\u00e7\u00e3o Fl\u00e1vio Gikovate De repente, no melhor do sono, toca o despertador. \u00c9 hora de levantar para ir \u00ed\u00a0 escola ou ao trabalho. N\u00e3o \u00e9 raro que, exatamente neste instante, se trave uma batalha important\u00ed\u00adssima. De um lado, o sono, a pregui\u00e7a, o desejo de continuar deitado sonhando com todo tipo de situa\u00e7\u00f5es &hellip; <a href=\"https:\/\/nalua.in\/blog\/disciplina\/\" class=\"more-link\">Continuar lendo <span class=\"screen-reader-text\">Disciplina<\/span><\/a><\/p>\n","protected":false},"author":1,"featured_media":0,"parent":0,"menu_order":0,"comment_status":"open","ping_status":"open","template":"","meta":{"footnotes":""},"class_list":["post-1343","page","type-page","status-publish","hentry"],"_links":{"self":[{"href":"https:\/\/nalua.in\/blog\/wp-json\/wp\/v2\/pages\/1343","targetHints":{"allow":["GET"]}}],"collection":[{"href":"https:\/\/nalua.in\/blog\/wp-json\/wp\/v2\/pages"}],"about":[{"href":"https:\/\/nalua.in\/blog\/wp-json\/wp\/v2\/types\/page"}],"author":[{"embeddable":true,"href":"https:\/\/nalua.in\/blog\/wp-json\/wp\/v2\/users\/1"}],"replies":[{"embeddable":true,"href":"https:\/\/nalua.in\/blog\/wp-json\/wp\/v2\/comments?post=1343"}],"version-history":[{"count":0,"href":"https:\/\/nalua.in\/blog\/wp-json\/wp\/v2\/pages\/1343\/revisions"}],"wp:attachment":[{"href":"https:\/\/nalua.in\/blog\/wp-json\/wp\/v2\/media?parent=1343"}],"curies":[{"name":"wp","href":"https:\/\/api.w.org\/{rel}","templated":true}]}}